- 19. Let s be 3576/66 + c/(-11). Let l be -1*(0 + 9)*-3. What is the greatest common divisor of l and s?
27
Suppose 1706*z - 5049 = 1703*z. Calculate the highest common factor of z and 99.
99
Suppose 2*l - 14*l + 36 = 0. Suppose 4*o = l*o + 26. Calculate the greatest common divisor of 13 and o.
13
Suppose 2*j - p - 248 = 0, 0 = 219*j - 220*j - p + 124. What is the greatest common factor of j and 31?
31
Let z = 376 - 375. Let v = -30 + 37. Suppose 4*f - 4*r = 44, -v*f - 3*r = -3*f - 16. What is the highest common factor of z and f?
1
Let r = 331 + -309. Suppose -2*j + 5*j = 12. Suppose -23 = -j*m + 109. Calculate the greatest common divisor of r and m.
11
Let c be 1536/9984 - (-49318)/26. Calculate the highest common factor of c and 5149.
271
Let u(a) = 2*a**2 + 24*a**2 + 22*a**2 + 0*a**2 - 40 - 14*a. Let z be u(-3). Calculate the highest common factor of 28 and z.
14
Let m be (-18)/24 - (-87)/4. Let u(l) = 3*l - 4*l + 0*l + 5. Let n be u(-9). Calculate the highest common factor of n and m.
7
Let v(u) = -600*u + 15624. Let q be v(26). Let c = 3 + -4. Let d be 4*c*(-48)/6. What is the greatest common divisor of q and d?
8
Let f = -100 + 102. Let o be -1*(-5 - f) - (3 + -1). What is the highest common divisor of o and 85?
5
Let c be 2 - 1/(-1) - -3*1. Let b be (14/2)/(-5 + c). Suppose 5*s - 4*z - 117 = 0, -b*s + 3*s + 69 = 5*z. What is the highest common factor of 21 and s?
21
Let h(a) = 75*a**3 - 29*a**2 + 121*a - 2. Let w be h(4). What is the highest common divisor of w and 66?
66
Suppose 5*f - 918 + 118 = 0. Let i(v) = -v**2 + 74*v + 322. Let a be i(-4). Calculate the greatest common factor of f and a.
10
Let w(g) = 44*g + 3984. Let p be w(-90). Let m be 147/14*2/3. Suppose 2*l + 240 = m*l. Calculate the highest common factor of p and l.
24
Let c(t) = -9*t - 26. Let k be c(-3). Let s be k/((-1090)/182 - -6). What is the greatest common factor of 7 and s?
7
Suppose 5*y + 26 - 41 = 0. Let w be -12*8/(-18) - (-2)/y. Suppose 2*h = -4*t + 194, -4*t = -h + w*h - 197. Calculate the greatest common divisor of t and 12.
12
Let q = 44 + 6. Suppose 579 = 25*t - 1446. Let b = t - q. Calculate the greatest common divisor of b and 62.
31
Let q(h) = h**2 + 79*h - 1478. Let b be q(-96). Let g be 16 - 3/((-9)/(-6)). What is the highest common divisor of g and b?
14
Let k = -2964 - -3014. Calculate the greatest common factor of 4175 and k.
25
Suppose 0 = -p - 4*p + 40. Let c be ((-255)/(-30))/(3/6). Suppose -154 = -c*z + 118. Calculate the greatest common factor of z and p.
8
Suppose 0 = -2130*p + 22646 + 92374. Let v be 0 + 34/(-4)*-54. Calculate the greatest common factor of p and v.
27
Let v = 3011 + -2978. Calculate the highest common factor of v and 1133.
11
Let y(w) = 67*w**2 + 27*w - 18 + 4*w + 14*w - 65*w**2. Let u be y(-23). Calculate the highest common divisor of u and 10.
5
Let b = 297 - 304. Let k be (b/(-7))/((-3)/(-15)). Calculate the highest common factor of 50 and k.
5
Let a = -89 + 104. Suppose -30*s = -29*s - 5. Suppose s*y + 5*q - 495 = y, q - 243 = -2*y. What is the highest common divisor of a and y?
15
Let z be (-91)/(-8) - 9/24. Suppose -z = 4*i - 119. Suppose -p + i = 8. Calculate the highest common divisor of p and 76.
19
Suppose -78 - 258 = 16*d. Let w be 10/((-280)/d) + (-1)/(-4). What is the highest common divisor of 13 and w?
1
Suppose -4*m + 28*k = 30*k - 650, 2*m - 330 = -2*k. Suppose 39*u = 35*u + m. Calculate the greatest common divisor of 20 and u.
20
Suppose 410 - 59 = 13*a. What is the greatest common divisor of 297 and a?
27
Suppose 4*g = 17 + 215. Let d be 171/24 + (-7)/56. Suppose -588 = -4*c - d*x + 5*x, 596 = 4*c + 4*x. Calculate the highest common factor of c and g.
29
Let h be -1*2/4 + (-13)/2. Let j be (7 + h + -18)*3/(-2). What is the highest common divisor of j and 72?
9
Let y = 86 + -87. Let o be 355/10 - y/4*-2. What is the greatest common divisor of 35 and o?
35
Let x(o) = -o**3 + 11*o**2 - 17*o - 5. Let p be x(9). Suppose -5*f - 2*c = -7*f + 60, p*f + 5*c = 120. What is the greatest common factor of 120 and f?
30
Let i be 56/((14230/3550 - 4)/(30/25)). What is the highest common factor of 224 and i?
112
Let u(v) = -2*v + 126. Let n be u(7). What is the highest common divisor of n and 154?
14
Suppose -29*p + 34*p = -6*h + 1416, 723 = 3*h + 5*p. What is the greatest common divisor of 297 and h?
33
Let x = 592 - -5320. Calculate the highest common factor of x and 32.
8
Let z be (-7 - -10 - -13) + (0 - 1). Calculate the greatest common factor of 22 and z.
1
Suppose -26*l - 5 = -1606 - 973. Let x be (-1 + 3 + -167)/(-1). Calculate the highest common divisor of l and x.
33
Suppose 0 = -9*m + 24 - 24. Suppose 8*w + 136 - 640 = m. What is the highest common divisor of 441 and w?
63
Let d be 14 - 17 - (-1 + -992). Calculate the highest common factor of 54 and d.
18
Let i = 37 + -40. Let w be 19/(-57) - 52/i. Suppose -w*c + 12*c + 55 = 0. What is the greatest common factor of c and 11?
11
Let m(i) = -i**2 + 63*i + 192. Let k be m(64). What is the highest common divisor of 104 and k?
8
Let x(g) = 2*g**3 - 34*g**2 + 49*g + 77. Let b be x(21). What is the greatest common factor of 56 and b?
14
Suppose 2*w + 2*f - 162 = 0, -5*f + 261 = 4*w - 59. Let z(q) = -3046*q - 6024. Let x be z(-2). Calculate the highest common factor of w and x.
17
Suppose 7*f - 258 = 309. Suppose 0 = 5*j, -7*j = -5*u - 6*j + 945. What is the greatest common factor of f and u?
27
Let u(w) = 306*w**2 - 97*w + 1. Let o be u(-1). What is the greatest common divisor of 16766 and o?
202
Let g(i) = 4*i**3 - 12*i**2 + 3*i - 44. Let z be g(7). Calculate the greatest common divisor of z and 2.
1
Let o = 26 - 26. Let d(f) = -21*f - 33. Let w(x) = 11*x + 16. Let n(j) = -3*d(j) - 5*w(j). Let g be n(o). Calculate the highest common divisor of g and 19.
19
Let o = -454 - -460. Let x(q) be the second derivative of q**4/6 - 2*q**3/3 - 13*q**2 - 2*q. Let c be x(o). What is the greatest common factor of 33 and c?
11
Let g(m) = -199*m - 1570. Let q be g(-8). Calculate the greatest common divisor of 6633 and q.
11
Let a be 0 + -1 + -1 - (9 - 8). Let u be (a - 3/(-4))*(-100)/15. Calculate the greatest common divisor of 10 and u.
5
Suppose 0 = -2*c - p + 282, -4*p - 74 = 2*c - 344. What is the greatest common factor of 341 and c?
11
Suppose 0*j - 4*j + 8 = 0. Let d be (83/(-2))/(9/(-6) + j). Let w = d + 86. Calculate the highest common factor of w and 21.
3
Let d = 8 - -33. Let k = -45 + d. Let o be ((-4)/1)/(k/8). Calculate the greatest common divisor of o and 24.
8
Let p = -14176 - -18674. Calculate the greatest common factor of 26 and p.
26
Suppose 0 = 2*i, -28*i - 10490 = -5*k - 29*i. Calculate the highest common divisor of k and 6.
2
Suppose 3*q - 8*q - 15 = 0. Let b be (q - -2)*(2 - 0). Let d be (b/(-3))/((-1)/(-12)). Calculate the greatest common divisor of d and 8.
8
Let t = 9986 - 9932. What is the greatest common divisor of 22 and t?
2
Let j be (-3138)/(0 - -6 - (1092/8)/21). Calculate the highest common factor of j and 24.
12
Let n be 10/(-1)*(-10)/(-4). Let f be (-2 + -3)*35/n. Suppose -2*s + f*s = 105. What is the greatest common factor of 21 and s?
21
Let z be (-2)/3 - 7/((-21)/2). Suppose z = 4*n - 8*n - 20. Let g be n*(2 + 91/(-5)). What is the greatest common divisor of 9 and g?
9
Suppose 4 - 9 = -a. Suppose -a*r = -r - 108. Let h = 1087 - 1069. Calculate the highest common factor of r and h.
9
Let z = 5327 + -4579. Calculate the highest common divisor of 616 and z.
44
Suppose 0 = -241*j - 147192 + 356139. What is the highest common divisor of j and 34?
17
Let m be (2072/(-6) - -2)/(22/(-6237)*27). Calculate the greatest common divisor of m and 7.
7
Let f(w) = -2*w**2 - 8*w - 20. Let n be (36/15)/((-3)/10). Let z be f(n). Let h = z - -105. Calculate the highest common factor of 231 and h.
21
Let r(j) = -6*j**2 + 38*j + 5. Let a(q) = 13*q**2 - 76*q - 12. Let t(m) = 3*a(m) + 7*r(m). Let h be t(12). What is the highest common divisor of 115 and h?
23
Suppose -7*b - 15 = -10*b. Suppose b*z - 43 - 17 = 0. Let g = z - 7. Calculate the greatest common factor of g and 20.
5
Suppose 28*m - 12 = 26*m. Suppose m*w - 94 = 326. Suppose -x + 40 = 3*x. What is the greatest common factor of w and x?
10
Let n be (-1)/(-2 - (-9)/6). Let b be 24 + (n/11 - 14/77). Calculat